{"id":67,"date":"2023-01-31T19:21:01","date_gmt":"2023-01-31T18:21:01","guid":{"rendered":"https:\/\/ekopark.webimagin.pl\/?page_id=67"},"modified":"2023-02-05T14:19:55","modified_gmt":"2023-02-05T13:19:55","slug":"dotacje","status":"publish","type":"page","link":"https:\/\/ekopark.webimagin.pl\/?page_id=67","title":{"rendered":"Dotacje"},"content":{"rendered":"\t\t<div data-elementor-type=\"wp-page\" data-elementor-id=\"67\" class=\"elementor elementor-67\">\n\t\t\t\t\t\t\t\t\t<section class=\"elementor-section elementor-top-section elementor-element elementor-element-91cb822 elementor-section-boxed elementor-section-height-default elementor-section-height-default\" data-id=\"91cb822\" data-element_type=\"section\">\n\t\t\t\t\t\t<div class=\"elementor-container elementor-column-gap-default\">\n\t\t\t\t\t<div class=\"elementor-column elementor-col-100 elementor-top-column elementor-element elementor-element-9c624ab\" data-id=\"9c624ab\" data-element_type=\"column\">\n\t\t\t<div class=\"elementor-widget-wrap elementor-element-populated\">\n\t\t\t\t\t\t\t\t<div class=\"elementor-element elementor-element-ad9ac42 elementor-widget elementor-widget-heading\" data-id=\"ad9ac42\" data-element_type=\"widget\" data-widget_type=\"heading.default\">\n\t\t\t\t<div class=\"elementor-widget-container\">\n\t\t\t<style>\/*! elementor - v3.10.1 - 17-01-2023 *\/\n.elementor-heading-title{padding:0;margin:0;line-height:1}.elementor-widget-heading .elementor-heading-title[class*=elementor-size-]>a{color:inherit;font-size:inherit;line-height:inherit}.elementor-widget-heading .elementor-heading-title.elementor-size-small{font-size:15px}.elementor-widget-heading .elementor-heading-title.elementor-size-medium{font-size:19px}.elementor-widget-heading .elementor-heading-title.elementor-size-large{font-size:29px}.elementor-widget-heading .elementor-heading-title.elementor-size-xl{font-size:39px}.elementor-widget-heading .elementor-heading-title.elementor-size-xxl{font-size:59px}<\/style><h2 class=\"elementor-heading-title elementor-size-medium\">Wysokoenergetyczne paliwo alternatywne <\/h2>\t\t<\/div>\n\t\t\t\t<\/div>\n\t\t\t\t<div class=\"elementor-element elementor-element-2146f16 elementor-widget elementor-widget-text-editor\" data-id=\"2146f16\" data-element_type=\"widget\" data-widget_type=\"text-editor.default\">\n\t\t\t\t<div class=\"elementor-widget-container\">\n\t\t\t<style>\/*! elementor - v3.10.1 - 17-01-2023 *\/\n.elementor-widget-text-editor.elementor-drop-cap-view-stacked .elementor-drop-cap{background-color:#818a91;color:#fff}.elementor-widget-text-editor.elementor-drop-cap-view-framed .elementor-drop-cap{color:#818a91;border:3px solid;background-color:transparent}.elementor-widget-text-editor:not(.elementor-drop-cap-view-default) .elementor-drop-cap{margin-top:8px}.elementor-widget-text-editor:not(.elementor-drop-cap-view-default) .elementor-drop-cap-letter{width:1em;height:1em}.elementor-widget-text-editor .elementor-drop-cap{float:left;text-align:center;line-height:1;font-size:50px}.elementor-widget-text-editor .elementor-drop-cap-letter{display:inline-block}<\/style>\t\t\t\t<p><strong>Numer projektu RPMA.03.01.02-14-c354\/19<img loading=\"lazy\" decoding=\"async\" class=\"aligncenter wp-image-1133 size-large\" src=\"https:\/\/ekopark.webimagin.pl\/wp-content\/uploads\/2023\/02\/loga-dotacja-2-1024x98.jpg\" alt=\"logo fundacje europejskie mazowsze unia europejska\" width=\"800\" height=\"77\" srcset=\"https:\/\/ekopark.webimagin.pl\/wp-content\/uploads\/2023\/02\/loga-dotacja-2-1024x98.jpg 1024w, https:\/\/ekopark.webimagin.pl\/wp-content\/uploads\/2023\/02\/loga-dotacja-2-300x29.jpg 300w, https:\/\/ekopark.webimagin.pl\/wp-content\/uploads\/2023\/02\/loga-dotacja-2-768x74.jpg 768w, https:\/\/ekopark.webimagin.pl\/wp-content\/uploads\/2023\/02\/loga-dotacja-2.jpg 1095w\" sizes=\"auto, (max-width: 800px) 100vw, 800px\" \/><\/strong><\/p><p>G\u0142\u00f3wnym celem projektu jest wsparcie prowadzenia i rozwoju dzia\u0142alno\u015bci Agencji Ochrony \u015arodowiska EKOPARK P. Stanger i wsp\u00f3lnicy sp\u00f3\u0142ka jawna (dalej EKOPARK) poprzez wprowadzenie na rynek nowego produktu (innowacja produktowa), dzi\u0119ki realizacji us\u0142ugi doradczej o charakterze prorozwojowym przez akredytowan\u0105 Instytucj\u0119 Otoczenia Biznesu. W wyniku proponowanego projektu zostan\u0105 opracowane oryginalne i innowacyjne rozwi\u0105zania produktowe w postaci wysokoenergetycznego paliwa alternatywnego wyprodukowanego z odpad\u00f3w (wy\u0142\u0105cznie innych ni\u017c niebezpieczne) . Zrealizowana w ramach projektu us\u0142uga doradcza b\u0119dzie mia\u0142a na celu zwi\u0119kszenie konkurencyjno\u015bci i efektywno\u015bci ekonomicznej sp\u00f3\u0142ki EKOPARK zar\u00f3wno na poziomie operacyjnym, jak i strategicznym. Firma b\u0119d\u0105ca do tej pory us\u0142ugodawc\u0105 w zakresie gospodarowania odpadami opracuje i wprowadzi na rynek innowacyjny produkt \u2013 wysokoenergetyczne paliwo alternatywne o doskona\u0142ych parametrach, wytworzone na bazie odpad\u00f3w . Us\u0142uga doradcza b\u0119dzie mia\u0142a charakter zar\u00f3wno doradczy jak i ekspercki zako\u0144czony opracowaniem dokumentu (ekspertyzy lub analizy) w zakresie zagadnie\u0144 zwi\u0105zanych z wdro\u017ceniem nowego produktu dzi\u0119ki wykorzystaniu specjalistycznej wiedzy eksperckiej niezb\u0119dnej do uzyskania efektu rozwoju, poprzez bezpo\u015brednie zaanga\u017cowanie os\u00f3b o odpowiednich kompetencjach. Planowana przez EKOPARK innowacja produktowa, b\u0119dzie polega\u0107 na wykorzystaniu posiadanych strumieni odpad\u00f3w jako surowca. EKOPARK planuje odzysk odpad\u00f3w przemys\u0142owych, kt\u00f3rych nie mo\u017cna podda\u0107 recyklingowi materia\u0142owemu przy produkcji paliw alternatywnych (w celu energetycznego wykorzystania w piecach cementowych lub elektrociep\u0142owniach) wykorzystuj\u0105c koncepcj\u0119 technologiczn\u0105 opracowan\u0105 w ramach us\u0142ugi IOB, kt\u00f3ra b\u0119dzie zrealizowana w ramach niniejszego projektu. Jest to strategiczny cel rozwojowy, dywersyfikuj\u0105cy dzia\u0142alno\u015b\u0107 sp\u00f3\u0142ki.<\/p><p>\u00a0<\/p><ul><li><strong>warto\u015b\u0107 projektu 180 195,00<\/strong><\/li><\/ul><ul><li><strong>wk\u0142ad Funduszy Europejskich 109 875,00 z\u0142<\/strong><\/li><\/ul>\t\t\t\t\t\t<\/div>\n\t\t\t\t<\/div>\n\t\t\t\t<div class=\"elementor-element elementor-element-804deba elementor-widget-divider--view-line elementor-widget elementor-widget-divider\" data-id=\"804deba\" data-element_type=\"widget\" data-widget_type=\"divider.default\">\n\t\t\t\t<div class=\"elementor-widget-container\">\n\t\t\t<style>\/*! elementor - v3.10.1 - 17-01-2023 *\/\n.elementor-widget-divider{--divider-border-style:none;--divider-border-width:1px;--divider-color:#2c2c2c;--divider-icon-size:20px;--divider-element-spacing:10px;--divider-pattern-height:24px;--divider-pattern-size:20px;--divider-pattern-url:none;--divider-pattern-repeat:repeat-x}.elementor-widget-divider .elementor-divider{display:flex}.elementor-widget-divider .elementor-divider__text{font-size:15px;line-height:1;max-width:95%}.elementor-widget-divider .elementor-divider__element{margin:0 var(--divider-element-spacing);flex-shrink:0}.elementor-widget-divider .elementor-icon{font-size:var(--divider-icon-size)}.elementor-widget-divider .elementor-divider-separator{display:flex;margin:0;direction:ltr}.elementor-widget-divider--view-line_icon .elementor-divider-separator,.elementor-widget-divider--view-line_text .elementor-divider-separator{align-items:center}.elementor-widget-divider--view-line_icon .elementor-divider-separator:after,.elementor-widget-divider--view-line_icon .elementor-divider-separator:before,.elementor-widget-divider--view-line_text .elementor-divider-separator:after,.elementor-widget-divider--view-line_text .elementor-divider-separator:before{display:block;content:\"\";border-bottom:0;flex-grow:1;border-top:var(--divider-border-width) var(--divider-border-style) var(--divider-color)}.elementor-widget-divider--element-align-left .elementor-divider .elementor-divider-separator>.elementor-divider__svg:first-of-type{flex-grow:0;flex-shrink:100}.elementor-widget-divider--element-align-left .elementor-divider-separator:before{content:none}.elementor-widget-divider--element-align-left .elementor-divider__element{margin-left:0}.elementor-widget-divider--element-align-right .elementor-divider .elementor-divider-separator>.elementor-divider__svg:last-of-type{flex-grow:0;flex-shrink:100}.elementor-widget-divider--element-align-right .elementor-divider-separator:after{content:none}.elementor-widget-divider--element-align-right .elementor-divider__element{margin-right:0}.elementor-widget-divider:not(.elementor-widget-divider--view-line_text):not(.elementor-widget-divider--view-line_icon) .elementor-divider-separator{border-top:var(--divider-border-width) var(--divider-border-style) var(--divider-color)}.elementor-widget-divider--separator-type-pattern{--divider-border-style:none}.elementor-widget-divider--separator-type-pattern.elementor-widget-divider--view-line .elementor-divider-separator,.elementor-widget-divider--separator-type-pattern:not(.elementor-widget-divider--view-line) .elementor-divider-separator:after,.elementor-widget-divider--separator-type-pattern:not(.elementor-widget-divider--view-line) .elementor-divider-separator:before,.elementor-widget-divider--separator-type-pattern:not([class*=elementor-widget-divider--view]) .elementor-divider-separator{width:100%;min-height:var(--divider-pattern-height);-webkit-mask-size:var(--divider-pattern-size) 100%;mask-size:var(--divider-pattern-size) 100%;-webkit-mask-repeat:var(--divider-pattern-repeat);mask-repeat:var(--divider-pattern-repeat);background-color:var(--divider-color);-webkit-mask-image:var(--divider-pattern-url);mask-image:var(--divider-pattern-url)}.elementor-widget-divider--no-spacing{--divider-pattern-size:auto}.elementor-widget-divider--bg-round{--divider-pattern-repeat:round}.rtl .elementor-widget-divider .elementor-divider__text{direction:rtl}.e-con-inner>.elementor-widget-divider,.e-con>.elementor-widget-divider{width:var(--container-widget-width);--flex-grow:var(--container-widget-flex-grow)}<\/style>\t\t<div class=\"elementor-divider\">\n\t\t\t<span class=\"elementor-divider-separator\">\n\t\t\t\t\t\t<\/span>\n\t\t<\/div>\n\t\t\t\t<\/div>\n\t\t\t\t<\/div>\n\t\t\t\t\t<\/div>\n\t\t<\/div>\n\t\t\t\t\t\t\t<\/div>\n\t\t<\/section>\n\t\t\t\t<section class=\"elementor-section elementor-top-section elementor-element elementor-element-5ac6679 elementor-section-boxed elementor-section-height-default elementor-section-height-default\" data-id=\"5ac6679\" data-element_type=\"section\">\n\t\t\t\t\t\t<div class=\"elementor-container elementor-column-gap-default\">\n\t\t\t\t\t<div class=\"elementor-column elementor-col-100 elementor-top-column elementor-element elementor-element-054f183\" data-id=\"054f183\" data-element_type=\"column\">\n\t\t\t<div class=\"elementor-widget-wrap elementor-element-populated\">\n\t\t\t\t\t\t\t\t<div class=\"elementor-element elementor-element-d049723 elementor-widget elementor-widget-heading\" data-id=\"d049723\" data-element_type=\"widget\" data-widget_type=\"heading.default\">\n\t\t\t\t<div class=\"elementor-widget-container\">\n\t\t\t<h2 class=\"elementor-heading-title elementor-size-medium\">Podpisanie umowy - RPO Mazowieckie <\/h2>\t\t<\/div>\n\t\t\t\t<\/div>\n\t\t\t\t<div class=\"elementor-element elementor-element-f9e4bf4 elementor-widget elementor-widget-text-editor\" data-id=\"f9e4bf4\" data-element_type=\"widget\" data-widget_type=\"text-editor.default\">\n\t\t\t\t<div class=\"elementor-widget-container\">\n\t\t\t\t\t\t\t<section class=\"article-intro clearfix\"><p>Uprzejmie informujemy, \u017ce firma Agencja Ochrony \u015arodowiska EKOPARK w dniu 14 pa\u017adziernika 2019 roku podpisa\u0142a umow\u0119 nr RPMA.03.01.02-14-c354\/19-00 o dofinansowaniu Projektu:<\/p><p><strong>,, Wysokoenergetyczne paliwo energetyczne\u201d<\/strong><\/p><p>wsp\u00f3\u0142finansowanego z Europejskiego Funduszu Rozwoju Regionalnego w ramach osi priorytetowej III ,,Rozw\u00f3j potencja\u0142u innowacyjnego i przedsi\u0119biorczo\u015bci\u201d dzia\u0142ania 3.1 ,,Poprawa rozwoju M\u015aP na Mazowszu\u201d<\/p><p>Pozdrawiamy,<\/p><p>EKOPARK<\/p><\/section>\t\t\t\t\t\t<\/div>\n\t\t\t\t<\/div>\n\t\t\t\t<div class=\"elementor-element elementor-element-fe4de9a elementor-widget-divider--view-line elementor-widget elementor-widget-divider\" data-id=\"fe4de9a\" data-element_type=\"widget\" data-widget_type=\"divider.default\">\n\t\t\t\t<div class=\"elementor-widget-container\">\n\t\t\t\t\t<div class=\"elementor-divider\">\n\t\t\t<span class=\"elementor-divider-separator\">\n\t\t\t\t\t\t<\/span>\n\t\t<\/div>\n\t\t\t\t<\/div>\n\t\t\t\t<\/div>\n\t\t\t\t\t<\/div>\n\t\t<\/div>\n\t\t\t\t\t\t\t<\/div>\n\t\t<\/section>\n\t\t\t\t<section class=\"elementor-section elementor-top-section elementor-element elementor-element-1913587 elementor-section-boxed elementor-section-height-default elementor-section-height-default\" data-id=\"1913587\" data-element_type=\"section\">\n\t\t\t\t\t\t<div class=\"elementor-container elementor-column-gap-default\">\n\t\t\t\t\t<div class=\"elementor-column elementor-col-100 elementor-top-column elementor-element elementor-element-e8bfaf3\" data-id=\"e8bfaf3\" data-element_type=\"column\">\n\t\t\t<div class=\"elementor-widget-wrap elementor-element-populated\">\n\t\t\t\t\t\t\t\t<div class=\"elementor-element elementor-element-5ed849b elementor-widget elementor-widget-heading\" data-id=\"5ed849b\" data-element_type=\"widget\" data-widget_type=\"heading.default\">\n\t\t\t\t<div class=\"elementor-widget-container\">\n\t\t\t<h2 class=\"elementor-heading-title elementor-size-medium\">Rozdrabniacz jednowa\u0142owy  <\/h2>\t\t<\/div>\n\t\t\t\t<\/div>\n\t\t\t\t<div class=\"elementor-element elementor-element-70d6bf6 elementor-widget elementor-widget-text-editor\" data-id=\"70d6bf6\" data-element_type=\"widget\" data-widget_type=\"text-editor.default\">\n\t\t\t\t<div class=\"elementor-widget-container\">\n\t\t\t\t\t\t\t<p>Witamy,<\/p><p>Mi\u0142o nam poinformowa\u0107 , \u017ce w ramach projektu: \u201eOpracowanie technologii odzysku metali szlachetnych i metali ziem rzadkich z element\u00f3w w\u0119glanowych ogniw paliwowych\u201d dot. konkursu nr 3\/1.2\/2017\/POIR \u201eINNOWACYJNY RECYKLING\u201d organizowanego przez Narodowe Centrum Badan i Rozwoju\u2014Dzia\u0142anie 1.2 \u201eSektorowe programy B+R\u201d I Osi priorytetowej Programu Operacyjnego Inteligentny Rozw\u00f3j 2014\u20132020 \u201eWsparcie prowadzenia prac B+R przez przedsi\u0119biorstwa\u201d wsp\u00f3\u0142finansowanego przez Unie Europejska w ramach Europejskiego Funduszu Rozwoju Regionalnego do firmy EKOPARK zosta\u0142 dostarczony rozdrabniacz <strong>VECOPLAN VAZ 1100 XL K<\/strong>.<\/p><p>Jest to rozdrabniacz jednowa\u0142owy z dociskiem, o d\u0142ugo\u015bci wirnika wynosz\u0105cym 1075 mm z 48 ostrzami rozdrabniaj\u0105cymi. Moc nap\u0119dowa rozdrabniacza to 37 kW.<\/p><p>\u00a0<\/p><p>Ju\u017c wkr\u00f3tce planowany jest rozruch rozdrabniacza.<\/p><p>Pozdrawiamy,<\/p><p>EKOPARK<\/p>\t\t\t\t\t\t<\/div>\n\t\t\t\t<\/div>\n\t\t\t\t<section class=\"elementor-section elementor-inner-section elementor-element elementor-element-9965b4d elementor-section-boxed elementor-section-height-default elementor-section-height-default\" data-id=\"9965b4d\" data-element_type=\"section\">\n\t\t\t\t\t\t<div class=\"elementor-container elementor-column-gap-default\">\n\t\t\t\t\t<div class=\"elementor-column elementor-col-50 elementor-inner-column elementor-element elementor-element-5a7632a\" data-id=\"5a7632a\" data-element_type=\"column\">\n\t\t\t<div class=\"elementor-widget-wrap elementor-element-populated\">\n\t\t\t\t\t\t\t\t<div class=\"elementor-element elementor-element-b6e06a6 elementor-widget elementor-widget-image\" data-id=\"b6e06a6\" data-element_type=\"widget\" data-widget_type=\"image.default\">\n\t\t\t\t<div class=\"elementor-widget-container\">\n\t\t\t<style>\/*! elementor - v3.10.1 - 17-01-2023 *\/\n.elementor-widget-image{text-align:center}.elementor-widget-image a{display:inline-block}.elementor-widget-image a img[src$=\".svg\"]{width:48px}.elementor-widget-image img{vertical-align:middle;display:inline-block}<\/style>\t\t\t\t\t\t\t\t\t\t\t\t<img loading=\"lazy\" decoding=\"async\" width=\"768\" height=\"576\" src=\"https:\/\/ekopark.webimagin.pl\/wp-content\/uploads\/2023\/02\/IMG_1637-768x576.jpg\" class=\"attachment-medium_large size-medium_large wp-image-1141\" alt=\"rozdrabniacz jednowa\u0142kowy\" srcset=\"https:\/\/ekopark.webimagin.pl\/wp-content\/uploads\/2023\/02\/IMG_1637-768x576.jpg 768w, https:\/\/ekopark.webimagin.pl\/wp-content\/uploads\/2023\/02\/IMG_1637-300x225.jpg 300w, https:\/\/ekopark.webimagin.pl\/wp-content\/uploads\/2023\/02\/IMG_1637-1024x768.jpg 1024w, https:\/\/ekopark.webimagin.pl\/wp-content\/uploads\/2023\/02\/IMG_1637-1536x1152.jpg 1536w, https:\/\/ekopark.webimagin.pl\/wp-content\/uploads\/2023\/02\/IMG_1637-2048x1536.jpg 2048w\" sizes=\"auto, (max-width: 768px) 100vw, 768px\" \/>\t\t\t\t\t\t\t\t\t\t\t\t\t\t\t<\/div>\n\t\t\t\t<\/div>\n\t\t\t\t\t<\/div>\n\t\t<\/div>\n\t\t\t\t<div class=\"elementor-column elementor-col-50 elementor-inner-column elementor-element elementor-element-cb8f05c\" data-id=\"cb8f05c\" data-element_type=\"column\">\n\t\t\t<div class=\"elementor-widget-wrap elementor-element-populated\">\n\t\t\t\t\t\t\t\t<div class=\"elementor-element elementor-element-d6af94f elementor-widget elementor-widget-image\" data-id=\"d6af94f\" data-element_type=\"widget\" data-widget_type=\"image.default\">\n\t\t\t\t<div class=\"elementor-widget-container\">\n\t\t\t\t\t\t\t\t\t\t\t\t\t\t\t<img loading=\"lazy\" decoding=\"async\" width=\"768\" height=\"576\" src=\"https:\/\/ekopark.webimagin.pl\/wp-content\/uploads\/2023\/02\/20190211_094932-768x576.jpg\" class=\"attachment-medium_large size-medium_large wp-image-1140\" alt=\"rozdrabniacz jednowa\u0142kowy\" srcset=\"https:\/\/ekopark.webimagin.pl\/wp-content\/uploads\/2023\/02\/20190211_094932-768x576.jpg 768w, https:\/\/ekopark.webimagin.pl\/wp-content\/uploads\/2023\/02\/20190211_094932-300x225.jpg 300w, https:\/\/ekopark.webimagin.pl\/wp-content\/uploads\/2023\/02\/20190211_094932-1024x768.jpg 1024w, https:\/\/ekopark.webimagin.pl\/wp-content\/uploads\/2023\/02\/20190211_094932-1536x1152.jpg 1536w, https:\/\/ekopark.webimagin.pl\/wp-content\/uploads\/2023\/02\/20190211_094932-2048x1536.jpg 2048w\" sizes=\"auto, (max-width: 768px) 100vw, 768px\" \/>\t\t\t\t\t\t\t\t\t\t\t\t\t\t\t<\/div>\n\t\t\t\t<\/div>\n\t\t\t\t\t<\/div>\n\t\t<\/div>\n\t\t\t\t\t\t\t<\/div>\n\t\t<\/section>\n\t\t\t\t<div class=\"elementor-element elementor-element-ae391f7 elementor-widget-divider--view-line elementor-widget elementor-widget-divider\" data-id=\"ae391f7\" data-element_type=\"widget\" data-widget_type=\"divider.default\">\n\t\t\t\t<div class=\"elementor-widget-container\">\n\t\t\t\t\t<div class=\"elementor-divider\">\n\t\t\t<span class=\"elementor-divider-separator\">\n\t\t\t\t\t\t<\/span>\n\t\t<\/div>\n\t\t\t\t<\/div>\n\t\t\t\t<\/div>\n\t\t\t\t<div class=\"elementor-element elementor-element-4b23d82 elementor-widget elementor-widget-heading\" data-id=\"4b23d82\" data-element_type=\"widget\" data-widget_type=\"heading.default\">\n\t\t\t\t<div class=\"elementor-widget-container\">\n\t\t\t<h2 class=\"elementor-heading-title elementor-size-medium\">Umowa z NCBiR <\/h2>\t\t<\/div>\n\t\t\t\t<\/div>\n\t\t\t\t<div class=\"elementor-element elementor-element-454c288 elementor-widget elementor-widget-text-editor\" data-id=\"454c288\" data-element_type=\"widget\" data-widget_type=\"text-editor.default\">\n\t\t\t\t<div class=\"elementor-widget-container\">\n\t\t\t\t\t\t\t<section class=\"article-intro clearfix\"><p>Szanowni Pa\u0144stwo,<\/p><p>\u00a0<\/p><p>Informujemy o podpisaniu umowy na realizacje Projektu wsp\u00f3\u0142finansowanego przez Narodowe Centrum Bada\u0144 i <br \/>Rozwoju w ramach Dzia\u0142ania 1.2 \u201eSektorowe programy B+R\u201d w ramach I Osi <br \/>priorytetowej \u201eWsparcie prowadzenia prac B+R przez przedsi\u0119biorstwa\u201d <br \/>Programu Operacyjnego Inteligentny Rozw\u00f3j 2014 \u20132020 pt:<br \/>\u201d Opracowanie technologii odzysku metali szlachetnych i metali ziem <br \/>rzadkich do produkcji element\u00f3w w\u0119glanowych ogniw paliwowych\u201d<\/p><p>cele projektu i planowane efekty:<\/p><p>Celem projektu jest udoskonalenie procesu recyklingu metali szlachetnych <br \/>i metali ziem rzadkich oraz niklu za pomoc\u0105 <br \/>megnetyczno-elektrostatycznej separacji, co ma na celu popraw\u0119 <br \/>parametr\u00f3w \u0142a\u0144cucha proces\u00f3w przer\u00f3bki odpad\u00f3w przemys\u0142owych, g\u0142\u00f3wnie <br \/>poprzez uzyskanie bardziej warto\u015bciowych produkt\u00f3w dedykowanych do <br \/>zastosowania w w\u0119glanowych ogniwach paliwowych.<\/p><p>ca\u0142kowita warto\u015b\u0107 projektu: 1 191 321.00 PLN<br \/>warto\u015b\u0107 dofinansowania: \u00a0\u00a0 926 645.40 PLN<\/p><\/section>\t\t\t\t\t\t<\/div>\n\t\t\t\t<\/div>\n\t\t\t\t<div class=\"elementor-element elementor-element-d758b86 elementor-widget-divider--view-line elementor-widget elementor-widget-divider\" data-id=\"d758b86\" data-element_type=\"widget\" data-widget_type=\"divider.default\">\n\t\t\t\t<div class=\"elementor-widget-container\">\n\t\t\t\t\t<div class=\"elementor-divider\">\n\t\t\t<span class=\"elementor-divider-separator\">\n\t\t\t\t\t\t<\/span>\n\t\t<\/div>\n\t\t\t\t<\/div>\n\t\t\t\t<\/div>\n\t\t\t\t\t<\/div>\n\t\t<\/div>\n\t\t\t\t\t\t\t<\/div>\n\t\t<\/section>\n\t\t\t\t\t\t\t<\/div>\n\t\t","protected":false},"excerpt":{"rendered":"<p>Wysokoenergetyczne paliwo alternatywne Numer projektu RPMA.03.01.02-14-c354\/19 G\u0142\u00f3wnym celem projektu jest wsparcie prowadzenia i rozwoju dzia\u0142alno\u015bci Agencji Ochrony \u015arodowiska EKOPARK P. Stanger i wsp\u00f3lnicy sp\u00f3\u0142ka jawna (dalej EKOPARK) poprzez wprowadzenie na rynek nowego produktu (innowacja produktowa), dzi\u0119ki realizacji us\u0142ugi doradczej o charakterze prorozwojowym przez akredytowan\u0105 Instytucj\u0119 Otoczenia Biznesu. W wyniku proponowanego projektu zostan\u0105 opracowane oryginalne i [&hellip;]<\/p>\n","protected":false},"author":1,"featured_media":0,"parent":0,"menu_order":0,"comment_status":"closed","ping_status":"closed","template":"","meta":{"footnotes":""},"class_list":["post-67","page","type-page","status-publish","hentry"],"_links":{"self":[{"href":"https:\/\/ekopark.webimagin.pl\/index.php?rest_route=\/wp\/v2\/pages\/67","targetHints":{"allow":["GET"]}}],"collection":[{"href":"https:\/\/ekopark.webimagin.pl\/index.php?rest_route=\/wp\/v2\/pages"}],"about":[{"href":"https:\/\/ekopark.webimagin.pl\/index.php?rest_route=\/wp\/v2\/types\/page"}],"author":[{"embeddable":true,"href":"https:\/\/ekopark.webimagin.pl\/index.php?rest_route=\/wp\/v2\/users\/1"}],"replies":[{"embeddable":true,"href":"https:\/\/ekopark.webimagin.pl\/index.php?rest_route=%2Fwp%2Fv2%2Fcomments&post=67"}],"version-history":[{"count":22,"href":"https:\/\/ekopark.webimagin.pl\/index.php?rest_route=\/wp\/v2\/pages\/67\/revisions"}],"predecessor-version":[{"id":1605,"href":"https:\/\/ekopark.webimagin.pl\/index.php?rest_route=\/wp\/v2\/pages\/67\/revisions\/1605"}],"wp:attachment":[{"href":"https:\/\/ekopark.webimagin.pl\/index.php?rest_route=%2Fwp%2Fv2%2Fmedia&parent=67"}],"curies":[{"name":"wp","href":"https:\/\/api.w.org\/{rel}","templated":true}]}}